{"id":1418,"date":"2016-06-26T07:30:01","date_gmt":"2016-06-26T07:30:01","guid":{"rendered":"http:\/\/www.rabenschule.de\/?page_id=1418"},"modified":"2026-08-09T15:40:12","modified_gmt":"2026-08-09T14:40:12","slug":"home","status":"publish","type":"page","link":"https:\/\/www.rabenschule.de\/","title":{"rendered":"Home"},"content":{"rendered":"<p>[et_pb_section fb_built=&#8220;1&#8243; admin_label=&#8220;section&#8220; _builder_version=&#8220;4.6.5&#8243; custom_padding=&#8220;|||108px||&#8220; global_colors_info=&#8220;{}&#8220;][et_pb_row column_structure=&#8220;3_5,2_5&#8243; _builder_version=&#8220;4.14.1&#8243; background_size=&#8220;initial&#8220; background_position=&#8220;top_left&#8220; background_repeat=&#8220;repeat&#8220; global_colors_info=&#8220;{}&#8220;][et_pb_column type=&#8220;3_5&#8243; _builder_version=&#8220;3.25&#8243; custom_padding=&#8220;|||&#8220; global_colors_info=&#8220;{}&#8220; custom_padding__hover=&#8220;|||&#8220;][et_pb_blog posts_number=&#8220;4&#8243; show_content=&#8220;on&#8220; _builder_version=&#8220;4.6.5&#8243; global_colors_info=&#8220;{}&#8220;][\/et_pb_blog][et_pb_gallery gallery_ids=&#8220;971,969,967,965,963,961,959,957,955,953,951,949,933,908,901,228,227,239&#8243; fullwidth=&#8220;on&#8220; _builder_version=&#8220;3.6&#8243; caption_all_caps=&#8220;off&#8220; auto=&#8220;on&#8220; auto_speed=&#8220;6000&#8243; use_border_color=&#8220;off&#8220; border_color=&#8220;#ffffff&#8220; border_style=&#8220;solid&#8220; global_colors_info=&#8220;{}&#8220;][\/et_pb_gallery][\/et_pb_column][et_pb_column type=&#8220;2_5&#8243; _builder_version=&#8220;3.25&#8243; custom_padding=&#8220;|||&#8220; global_colors_info=&#8220;{}&#8220; custom_padding__hover=&#8220;|||&#8220;][et_pb_video src=&#8220;https:\/\/www.rabenschule.de\/wp-content\/uploads\/2021\/04\/rundflug_besser.mp4&#8243; _builder_version=&#8220;4.6.5&#8243; _module_preset=&#8220;default&#8220; global_colors_info=&#8220;{}&#8220;][\/et_pb_video][et_pb_text admin_label=&#8220;Text&#8220; _builder_version=&#8220;4.14.1&#8243; text_font=&#8220;Arial||||||||&#8220; background_color=&#8220;#f7f7f7&#8243; hover_enabled=&#8220;0&#8243; box_shadow_style=&#8220;preset3&#8243; global_colors_info=&#8220;{}&#8220; sticky_enabled=&#8220;0&#8243;]<\/p>\n<p><strong>Herzlich willkommen auf der Seite der Rabenschule!<\/strong><\/p>\n<p>Sch\u00f6n, dass Sie uns besuchen.<\/p>\n<p>Wir sind eine Grundschule im Taunus mit derzeit <strong>292 Sch\u00fclerinnen und Sch\u00fclern und 22 Kolleginnen und Kollegen<\/strong>. Unsere Schule befindet sich in Wallrabenstein. Zum Einzugsgebiet geh\u00f6ren neben Wallrabenstein auch die Ortsteile Beuerbach, Bechtheim, Wallbach, Ketternschwalbach, Limbach, Strinz-Trinitatis sowie Idstein-Walsdorf.<\/p>\n<p>Die Rabenschule bietet seit diesem Jahr den rechtlichen Anspruch auf einen <strong>Ganztagsplatz bis 16.30 Uhr f\u00fcr alle Kinder. <\/strong>. Unser Ziel ist es, den Kindern einen verl\u00e4sslichen Rahmen zu bieten, in dem sie lernen, sich entwickeln und ihre individuellen St\u00e4rken entfalten k\u00f6nnen.<\/p>\n<p>Seit Sommer 2022 werden wir durch eine <strong>F\u00f6rderschullehrkraft vor Ort<\/strong> unterst\u00fctzt. Dar\u00fcber hinaus bereichern eine <strong>Sozialp\u00e4dagogin im Rahmen von UBUS<\/strong> sowie <strong>eine Schulsozialarbeiterinnen<\/strong> unser multiprofessionelles Team. Seit Anfang 2025 werden die IGS Wallrabenstein und die Rabenschule zudem durch eine <strong>Schulgesundheitsfachkraft<\/strong> unterst\u00fctzt.<\/p>\n<p>Auch unseren Ganztag haben wir in den vergangenen Jahren neu strukturiert und dabei eine feste <strong>Lernzeit<\/strong> integriert. In dieser Zeit werden Unterrichtsinhalte wiederholt, gefestigt und ge\u00fcbt. Gleichzeitig legen wir gro\u00dfen Wert auf die Entwicklung wichtiger \u00fcberfachlicher Kompetenzen \u2013 unserer sogenannten <strong>\u201eSoft Skills\u201c<\/strong>. Die Sch\u00fclerinnen und Sch\u00fcler lernen beispielsweise, sich zu strukturieren, Aufgaben zu organisieren, Verantwortung zu \u00fcbernehmen sowie Projekte zu planen und erfolgreich umzusetzen.<\/p>\n<p>Ein besonderer Schwerpunkt unserer Arbeit liegt auf der <strong>individuellen F\u00f6rderung<\/strong>. Auf der Grundlage der geltenden Verordnungen haben wir ein umfassendes F\u00f6rderkonzept entwickelt, mit dem wir unsere Sch\u00fclerinnen und Sch\u00fcler entsprechend ihren individuellen Bed\u00fcrfnissen unterst\u00fctzen und begleiten k\u00f6nnen.<\/p>\n<p>Dabei profitieren wir von unserem <strong>gut aufgestellten multiprofessionellen Team<\/strong>, das sich regelm\u00e4\u00dfig austauscht, gemeinsam F\u00f6rderma\u00dfnahmen plant und die Entwicklung unserer Sch\u00fclerinnen und Sch\u00fcler in den Blick nimmt. Die enge Zusammenarbeit aller Beteiligten ist f\u00fcr uns ein wichtiger Baustein erfolgreicher Schule.<\/p>\n<p>Auch unser <strong>F\u00f6rderverein<\/strong> ist eine wertvolle Unterst\u00fctzung f\u00fcr die Rabenschule und engagiert sich weiterhin tatkr\u00e4ftig f\u00fcr unsere Sch\u00fclerinnen und Sch\u00fcler und unsere Schule.<\/p>\n<p>Sie haben Fragen zur Einschulung, zur individuellen F\u00f6rderung oder zu unseren schulischen Angeboten?<\/p>\n<p><strong>Rufen Sie mich gerne an \u2013 ich berate Sie gerne und nehme mir Zeit f\u00fcr Ihre Fragen.<\/strong><\/p>\n<p><a href=\"https:\/\/www.rabenschule.de\/wp-content\/uploads\/2026\/08\/Screenshot_20250308_135959_Photos2-1-208x300-1.jpg\"><img loading=\"lazy\" decoding=\"async\" class=\"wp-image-3211 alignnone size-full\" src=\"https:\/\/www.rabenschule.de\/wp-content\/uploads\/2026\/08\/Screenshot_20250308_135959_Photos2-1-208x300-1.jpg\" alt=\"\" width=\"208\" height=\"300\" \/><\/a><\/p>\n<p>Herzliche Gr\u00fc\u00dfe<\/p>\n<p><strong>Tanja Sch\u00e4fer<\/strong><br \/>Schulleiterin der Rabenschule<\/p>\n<p><strong>August 2026<\/strong><\/p>\n<p>[\/et_pb_text][et_pb_text admin_label=&#8220;Die Rabenschule&#8220; _builder_version=&#8220;3.27.4&#8243; background_size=&#8220;initial&#8220; background_position=&#8220;top_left&#8220; background_repeat=&#8220;repeat&#8220; use_border_color=&#8220;off&#8220; border_color=&#8220;#ffffff&#8220; border_style=&#8220;solid&#8220; global_colors_info=&#8220;{}&#8220;]Die jetzige Rabenschule ging aus der Grundstufe der IGS Wallrabenstein hervor.<br \/>\nAm 29.08.79 wurden die bis dahin zusammengeh\u00f6renden Schulen getrennt und eine eigenst\u00e4ndige Grundschule entstand.<br \/>\nDies geschah, um eigene p\u00e4dagogische Grunds\u00e4tze umsetzen zu k\u00f6nnen.<br \/>\nDer bisherige Grundstufenleiter Werner Heinze wurde Rektor dieser Grundschule.<br \/>\nDas Kollegium bestand aus 13 Kolleginnen und 4 Kollegen. Sie betreuten 16 Klassen mit insgesamt 416 Kindern.<br \/>\nBereits ab dem 01.11.79 wurden Referendare kontinuierlich ausgebildet.<br \/>\nIhren ersten Namen erhielt die Schule am 18.04.80: <em>Grundschule Wallrabenstein.<br \/>\n<\/em>Volker Otto wurde am 20.02.81 zum Konrektor ernannt.<br \/>\nEines der ersten wichtigen Themen war schon damals die Schulhofsanierung.<br \/>\nDiese fand in Eigenhilfe durch die Eltern und das Kollegium im Juni 1983 statt.<br \/>\n<a href=\"https:\/\/www.rabenschule.de\/?page_id=138\">Weiterlesen&#8230;<\/a><br \/>\n[\/et_pb_text][\/et_pb_column][\/et_pb_row][\/et_pb_section]<\/p>\n","protected":false},"excerpt":{"rendered":"<p>Herzlich willkommen auf der Seite der Rabenschule! Sch\u00f6n, dass Sie uns besuchen. Wir sind eine Grundschule im Taunus mit derzeit 292 Sch\u00fclerinnen und Sch\u00fclern und 22 Kolleginnen und Kollegen. Unsere Schule befindet sich in Wallrabenstein. Zum Einzugsgebiet geh\u00f6ren neben Wallrabenstein auch die Ortsteile Beuerbach, Bechtheim, Wallbach, Ketternschwalbach, Limbach, Strinz-Trinitatis sowie Idstein-Walsdorf. Die Rabenschule bietet seit [&hellip;]<\/p>\n","protected":false},"author":1,"featured_media":0,"parent":0,"menu_order":0,"comment_status":"closed","ping_status":"closed","template":"","meta":{"_et_pb_use_builder":"on","_et_pb_old_content":"","_et_gb_content_width":"","footnotes":""},"class_list":["post-1418","page","type-page","status-publish","hentry"],"_links":{"self":[{"href":"https:\/\/www.rabenschule.de\/index.php?rest_route=\/wp\/v2\/pages\/1418","targetHints":{"allow":["GET"]}}],"collection":[{"href":"https:\/\/www.rabenschule.de\/index.php?rest_route=\/wp\/v2\/pages"}],"about":[{"href":"https:\/\/www.rabenschule.de\/index.php?rest_route=\/wp\/v2\/types\/page"}],"author":[{"embeddable":true,"href":"https:\/\/www.rabenschule.de\/index.php?rest_route=\/wp\/v2\/users\/1"}],"replies":[{"embeddable":true,"href":"https:\/\/www.rabenschule.de\/index.php?rest_route=%2Fwp%2Fv2%2Fcomments&post=1418"}],"version-history":[{"count":166,"href":"https:\/\/www.rabenschule.de\/index.php?rest_route=\/wp\/v2\/pages\/1418\/revisions"}],"predecessor-version":[{"id":3213,"href":"https:\/\/www.rabenschule.de\/index.php?rest_route=\/wp\/v2\/pages\/1418\/revisions\/3213"}],"wp:attachment":[{"href":"https:\/\/www.rabenschule.de\/index.php?rest_route=%2Fwp%2Fv2%2Fmedia&parent=1418"}],"curies":[{"name":"wp","href":"https:\/\/api.w.org\/{rel}","templated":true}]}}

<p>[et_pb_section fb_built=&#8220;1&#8243; admin_label=&#8220;section&#8220; _builder_version=&#8220;4.6.5&#8243; custom_padding=&#8220;|||108px||&#8220; global_colors_info=&#8220;{}&#8220;][et_pb_row column_structure=&#8220;3_5,2_5&#8243; _builder_version=&#8220;4.14.1&#8243; background_size=&#8220;initial&#8220; background_position=&#8220;top_left&#8220; background_repeat=&#8220;repeat&#8220; global_colors_info=&#8220;{}&#8220;][et_pb_column type=&#8220;3_5&#8243; _builder_version=&#8220;3.25&#8243; custom_padding=&#8220;|||&#8220; global_colors_info=&#8220;{}&#8220; custom_padding__hover=&#8220;|||&#8220;][et_pb_blog posts_number=&#8220;4&#8243; show_content=&#8220;on&#8220; _builder_version=&#8220;4.6.5&#8243; global_colors_info=&#8220;{}&#8220;][/et_pb_blog][et_pb_gallery gallery_ids=&#8220;971,969,967,965,963,961,959,957,955,953,951,949,933,908,901,228,227,239&#8243; fullwidth=&#8220;on&#8220; _builder_version=&#8220;3.6&#8243; caption_all_caps=&#8220;off&#8220; auto=&#8220;on&#8220; auto_speed=&#8220;6000&#8243; use_border_color=&#8220;off&#8220; border_color=&#8220;#ffffff&#8220; border_style=&#8220;solid&#8220; global_colors_info=&#8220;{}&#8220;][/et_pb_gallery][/et_pb_column][et_pb_column type=&#8220;2_5&#8243; _builder_version=&#8220;3.25&#8243; custom_padding=&#8220;|||&#8220; global_colors_info=&#8220;{}&#8220; custom_padding__hover=&#8220;|||&#8220;][et_pb_video src=&#8220;https://www.rabenschule.de/wp-content/uploads/2021/04/rundflug_besser.mp4&#8243; _builder_version=&#8220;4.6.5&#8243; _module_preset=&#8220;default&#8220; global_colors_info=&#8220;{}&#8220;][/et_pb_video][et_pb_text admin_label=&#8220;Text&#8220; _builder_version=&#8220;4.14.1&#8243; text_font=&#8220;Arial||||||||&#8220; background_color=&#8220;#f7f7f7&#8243; hover_enabled=&#8220;0&#8243; box_shadow_style=&#8220;preset3&#8243; global_colors_info=&#8220;{}&#8220; sticky_enabled=&#8220;0&#8243;]</p>
<p><strong>Herzlich willkommen auf der Seite der Rabenschule!</strong></p>
<p>Schön, dass Sie uns besuchen.</p>
<p>Wir sind eine Grundschule im Taunus mit derzeit <strong>292 Schülerinnen und Schülern und 22 Kolleginnen und Kollegen</strong>. Unsere Schule befindet sich in Wallrabenstein. Zum Einzugsgebiet gehören neben Wallrabenstein auch die Ortsteile Beuerbach, Bechtheim, Wallbach, Ketternschwalbach, Limbach, Strinz-Trinitatis sowie Idstein-Walsdorf.</p>
<p>Die Rabenschule bietet seit diesem Jahr den rechtlichen Anspruch auf einen <strong>Ganztagsplatz bis 16.30 Uhr für alle Kinder. </strong>. Unser Ziel ist es, den Kindern einen verlässlichen Rahmen zu bieten, in dem sie lernen, sich entwickeln und ihre individuellen Stärken entfalten können.</p>
<p>Seit Sommer 2022 werden wir durch eine <strong>Förderschullehrkraft vor Ort</strong> unterstützt. Darüber hinaus bereichern eine <strong>Sozialpädagogin im Rahmen von UBUS</strong> sowie <strong>eine Schulsozialarbeiterinnen</strong> unser multiprofessionelles Team. Seit Anfang 2025 werden die IGS Wallrabenstein und die Rabenschule zudem durch eine <strong>Schulgesundheitsfachkraft</strong> unterstützt.</p>
<p>Auch unseren Ganztag haben wir in den vergangenen Jahren neu strukturiert und dabei eine feste <strong>Lernzeit</strong> integriert. In dieser Zeit werden Unterrichtsinhalte wiederholt, gefestigt und geübt. Gleichzeitig legen wir großen Wert auf die Entwicklung wichtiger überfachlicher Kompetenzen – unserer sogenannten <strong>„Soft Skills“</strong>. Die Schülerinnen und Schüler lernen beispielsweise, sich zu strukturieren, Aufgaben zu organisieren, Verantwortung zu übernehmen sowie Projekte zu planen und erfolgreich umzusetzen.</p>
<p>Ein besonderer Schwerpunkt unserer Arbeit liegt auf der <strong>individuellen Förderung</strong>. Auf der Grundlage der geltenden Verordnungen haben wir ein umfassendes Förderkonzept entwickelt, mit dem wir unsere Schülerinnen und Schüler entsprechend ihren individuellen Bedürfnissen unterstützen und begleiten können.</p>
<p>Dabei profitieren wir von unserem <strong>gut aufgestellten multiprofessionellen Team</strong>, das sich regelmäßig austauscht, gemeinsam Fördermaßnahmen plant und die Entwicklung unserer Schülerinnen und Schüler in den Blick nimmt. Die enge Zusammenarbeit aller Beteiligten ist für uns ein wichtiger Baustein erfolgreicher Schule.</p>
<p>Auch unser <strong>Förderverein</strong> ist eine wertvolle Unterstützung für die Rabenschule und engagiert sich weiterhin tatkräftig für unsere Schülerinnen und Schüler und unsere Schule.</p>
<p>Sie haben Fragen zur Einschulung, zur individuellen Förderung oder zu unseren schulischen Angeboten?</p>
<p><strong>Rufen Sie mich gerne an – ich berate Sie gerne und nehme mir Zeit für Ihre Fragen.</strong></p>
<p><a href="https://www.rabenschule.de/wp-content/uploads/2026/08/Screenshot_20250308_135959_Photos2-1-208x300-1.jpg"><img loading="lazy" decoding="async" class="wp-image-3211 alignnone size-full" src="https://www.rabenschule.de/wp-content/uploads/2026/08/Screenshot_20250308_135959_Photos2-1-208x300-1.jpg" alt="" width="208" height="300" /></a></p>
<p>Herzliche Grüße</p>
<p><strong>Tanja Schäfer</strong><br />Schulleiterin der Rabenschule</p>
<p><strong>August 2026</strong></p>
<p>[/et_pb_text][et_pb_text admin_label=&#8220;Die Rabenschule&#8220; _builder_version=&#8220;3.27.4&#8243; background_size=&#8220;initial&#8220; background_position=&#8220;top_left&#8220; background_repeat=&#8220;repeat&#8220; use_border_color=&#8220;off&#8220; border_color=&#8220;#ffffff&#8220; border_style=&#8220;solid&#8220; global_colors_info=&#8220;{}&#8220;]Die jetzige Rabenschule ging aus der Grundstufe der IGS Wallrabenstein hervor.<br />
Am 29.08.79 wurden die bis dahin zusammengehörenden Schulen getrennt und eine eigenständige Grundschule entstand.<br />
Dies geschah, um eigene pädagogische Grundsätze umsetzen zu können.<br />
Der bisherige Grundstufenleiter Werner Heinze wurde Rektor dieser Grundschule.<br />
Das Kollegium bestand aus 13 Kolleginnen und 4 Kollegen. Sie betreuten 16 Klassen mit insgesamt 416 Kindern.<br />
Bereits ab dem 01.11.79 wurden Referendare kontinuierlich ausgebildet.<br />
Ihren ersten Namen erhielt die Schule am 18.04.80: <em>Grundschule Wallrabenstein.<br />
</em>Volker Otto wurde am 20.02.81 zum Konrektor ernannt.<br />
Eines der ersten wichtigen Themen war schon damals die Schulhofsanierung.<br />
Diese fand in Eigenhilfe durch die Eltern und das Kollegium im Juni 1983 statt.<br />
<a href="https://www.rabenschule.de/?page_id=138">Weiterlesen&#8230;</a><br />
[/et_pb_text][/et_pb_column][/et_pb_row][/et_pb_section]</p>

<p>Herzlich willkommen auf der Seite der Rabenschule! Schön, dass Sie uns besuchen. Wir sind eine Grundschule im Taunus mit derzeit 292 Schülerinnen und Schülern und 22 Kolleginnen und Kollegen. Unsere Schule befindet sich in Wallrabenstein. Zum Einzugsgebiet gehören neben Wallrabenstein auch die Ortsteile Beuerbach, Bechtheim, Wallbach, Ketternschwalbach, Limbach, Strinz-Trinitatis sowie Idstein-Walsdorf. Die Rabenschule bietet seit [&hellip;]</p>
